{"id":192,"date":"2015-10-07T14:55:07","date_gmt":"2015-10-07T17:55:07","guid":{"rendered":"http:\/\/urisaoluiz.com.br\/site\/?page_id=192"},"modified":"2026-01-09T15:08:41","modified_gmt":"2026-01-09T18:08:41","slug":"direito","status":"publish","type":"page","link":"https:\/\/urisaoluiz.com.br\/site\/graduacao\/direito\/","title":{"rendered":"Direito"},"content":{"rendered":"<div id=\"dslc-main\">\n\t\t<div  class=\"dslc-modules-section  dslc-init-parallax \" style=\"padding-bottom:150px;padding-top:150px;background-color:#156892;background-image:url();background-position:center center;background-attachment:parallax;background-size:cover;border-color:#ec268f;border-top-style: hidden; border-right-style: hidden; border-bottom-style: hidden; border-left-style: hidden; \" data-section-id=\"49f5891ac5b\">\n\t\t\t\t<div class=\"dslc-bg-video dslc-force-show\"><div class=\"dslc-bg-video-overlay\" style=\"background-color:#156892; opacity:0.7; \"><\/div><\/div>\n\t\t\t\t\n\t\t\t\t<div class=\"dslc-modules-section-wrapper dslc-clearfix\"><div class=\"dslc-modules-area dslc-col dslc-12-col dslc-last-col dslc-valign- \" data-size=\"12\" data-valign=\"\">\n\t\t<div id=\"dslc-module-7953b5b85a7\" class=\"dslc-module-front dslc-module-DSLC_Image dslc-in-viewport-check dslc-in-viewport-anim-none  dslc-col dslc-12-col dslc-last-col  dslc-module-handle-like-regular \" data-module-id=\"7953b5b85a7\" data-module=\"DSLC_Image\" data-dslc-module-size=\"12\" data-dslc-anim=\"none\" data-dslc-anim-delay=\"\" data-dslc-anim-duration=\"650\"  data-dslc-anim-easing=\"ease\" data-dslc-preset=\"none\" >\n\n\t\t\t\n\t\t\t\n\t\t\t\t<div class=\"dslc-image-container\">\r\n\t\t<div class=\"dslc-image\">\r\n\r\n\t\t\t\r\n\t\t\t\t\r\n\t\t\t\t\t\t\t\t\t<img src=\"https:\/\/urisaoluiz.com.br\/site\/wp-content\/uploads\/2025\/02\/direito2025-654x500.jpg\" alt=\"\" title=\"direito2025\" srcset=\"https:\/\/urisaoluiz.com.br\/site\/wp-content\/uploads\/2025\/02\/direito2025.jpg 525w, https:\/\/urisaoluiz.com.br\/site\/wp-content\/uploads\/2025\/02\/direito2025-300x229.jpg 300w\" sizes=\"(max-width: 525px) 100vw, 525px\" \/>\r\n\t\t\t\t\r\n\t\t\t\t\t\t\t\t\t<\/div><!-- .dslc-image -->\r\n\t\t<\/div>\r\n\t\t\n\t\t\t\t<\/div><!-- .dslc-module -->\n\t\t\n\t\t<div id=\"dslc-module-4c15a0872d9\" class=\"dslc-module-front dslc-module-DSLC_TP_Title dslc-in-viewport-check dslc-in-viewport-anim-none  dslc-col dslc-12-col dslc-last-col  dslc-module-handle-like-regular \" data-module-id=\"4c15a0872d9\" data-module=\"DSLC_TP_Title\" data-dslc-module-size=\"12\" data-dslc-anim=\"none\" data-dslc-anim-delay=\"0\" data-dslc-anim-duration=\"650\"  data-dslc-anim-easing=\"ease\" data-dslc-preset=\"none\" >\n\n\t\t\t\n\t\t\t\n\t\t\r\n\t\t\t\t<div class=\"dslc-tp-title\"><h1>Direito<\/h1><\/div>\r\n\r\n\t\t\t\n\t\t\t\t<\/div><!-- .dslc-module -->\n\t\t<\/div><\/div><\/div>\n\t\t<div  class=\"dslc-modules-section \" style=\"padding-bottom:40px;padding-top:40px;padding-left:3%;padding-right:3%;background-repeat:no-repeat;background-position:center top;\" data-section-id=\"d9387972839\">\n\t\t\t\t\n\t\t\t\t\n\t\t\t\t<div class=\"dslc-modules-section-wrapper dslc-clearfix\"><div class=\"dslc-modules-area dslc-col dslc-7-col dslc-first-col dslc-valign- \" data-size=\"7\" data-valign=\"\">\n\t\t<div id=\"dslc-module-06e8a04e93e\" class=\"dslc-module-front dslc-module-DSLC_Text_Simple dslc-in-viewport-check dslc-in-viewport-anim-none  dslc-col dslc-12-col dslc-last-col  dslc-module-handle-like-regular \" data-module-id=\"06e8a04e93e\" data-module=\"DSLC_Text_Simple\" data-dslc-module-size=\"12\" data-dslc-anim=\"none\" data-dslc-anim-delay=\"0\" data-dslc-anim-duration=\"650\"  data-dslc-anim-easing=\"ease\" data-dslc-preset=\"none\" >\n\n\t\t\t\n\t\t\t\n\t\t\r\n\t\t<div class=\"dslc-text-module-content\">\r\n\t\t\t<h1>Conhe\u00e7a o nosso Curso<\/h1><p>Em S\u00e3o Luiz Gonzaga, o Curso de Direito est\u00e1 em funcionamento desde o segundo semestre de 2015, raz\u00e3o pela qual a sua atua\u00e7\u00e3o j\u00e1 \u00e9 percebida na comunidade, seja por conta de semin\u00e1rios integrados, palestras e outras atividades voltadas \u00e0 sociedade, seja em decorr\u00eancia dos est\u00e1gios realizados em diferentes segmentos atinentes \u00e0 \u00e1rea jur\u00eddica, seja em raz\u00e3o da qualifica\u00e7\u00e3o dos docentes e da infraestrutura.<\/p><p>O Curso de Direito da URI \u2013 S\u00e3o Luiz Gonzaga atende a uma popula\u00e7\u00e3o estimada de 150 mil habitantes, distribu\u00edda em munic\u00edpios da regi\u00e3o noroeste do Estado, tendo S\u00e3o Luiz Gonzaga como cidade polo, com comarca de entr\u00e2ncia intermedi\u00e1ria, que possui Justi\u00e7a Estadual, Minist\u00e9rio P\u00fablico, Defensoria P\u00fablica, Subse\u00e7\u00e3o da OAB\/RS e Unidade Avan\u00e7ada da Justi\u00e7a Federal.<\/p><h1>Objetivos<\/h1><p>\u00a0O objetivo do curso de Direito da URI \u00e9 formar bachar\u00e9is com dom\u00ednio de conhecimento geral, human\u00edstico e jur\u00eddico, detentores de compet\u00eancias e habilidades capazes de dominar conceitos e terminologias jur\u00eddicos com adequada capacidade de interpreta\u00e7\u00e3o e argumenta\u00e7\u00e3o e capaz de valorizar os fen\u00f4menos jur\u00eddicos e sociais, detentor de uma vis\u00e3o cr\u00edtica e reflexiva no exerc\u00edcio profissional, com vistas \u00e0 presta\u00e7\u00e3o da justi\u00e7a e fomento da cidadania.<\/p><h1>Perfil do Profissional<\/h1><p>\u00a0O curso de direito tem como perfil projetado para o egresso uma forma\u00e7\u00e3o geral e human\u00edstica com capacidade de atua\u00e7\u00e3o em equipe, nas carreiras privadas e p\u00fablicas condizentes com a qualidade do ensino jur\u00eddico, de an\u00e1lise e articula\u00e7\u00e3o de conceitos, argumenta\u00e7\u00e3o e interpreta\u00e7\u00e3o dos fen\u00f4menos jur\u00eddicos e sociais al\u00e9m do dom\u00ednio das formas consensuais de composi\u00e7\u00e3o de conflitos, aliado a uma postura reflexiva e de vis\u00e3o cr\u00edtica que fomente a capacidade e a aptid\u00e3o para a aprendizagem, aut\u00f4noma e din\u00e2mica, indispens\u00e1vel ao exerc\u00edcio do Direito, \u00e0 presta\u00e7\u00e3o da justi\u00e7a e ao desenvolvimento da cidadania. Esse perfil projetado objetiva atender as necessidades profissionais que possam dar conta das transforma\u00e7\u00f5es das sociedades global, regional e local.<\/p><h1>Campo de Atua\u00e7\u00e3o Profissional<\/h1><p>O bacharel em Direito possui um vasto campo de atua\u00e7\u00e3o profissional, podendo exercer suas atividades, observadas as exig\u00eancias legais, nas seguintes fun\u00e7\u00f5es: Advocacia privada, Advocacia p\u00fablica \u2013 Procuradoria da Uni\u00e3o, dos Estados e dos Munic\u00edpios -, Assessorias jur\u00eddicas, Defensoria P\u00fablica, Doc\u00eancia, Magistratura, Minist\u00e9rio P\u00fablico, entre outras.<\/p><p>\u00a0<\/p>\t\t<\/div>\r\n\r\n\t\t\n\t\t\t\t<\/div><!-- .dslc-module -->\n\t\t<\/div><div class=\"dslc-modules-area dslc-col dslc-5-col dslc-last-col dslc-valign- \" data-size=\"5\" data-valign=\"\">\n\t\t<div id=\"dslc-module-o687ek33t8\" class=\"dslc-module-front dslc-module-DSLC_Text_Simple dslc-in-viewport-check dslc-in-viewport-anim-none  dslc-col dslc-12-col dslc-last-col  dslc-module-handle-like-regular \" data-module-id=\"o687ek33t8\" data-module=\"DSLC_Text_Simple\" data-dslc-module-size=\"12\" data-dslc-anim=\"none\" data-dslc-anim-delay=\"0\" data-dslc-anim-duration=\"650\"  data-dslc-anim-easing=\"ease\" data-dslc-preset=\"none\" >\n\n\t\t\t\n\t\t\t\n\t\t\r\n\t\t<div class=\"dslc-text-module-content\">\r\n\t\t\t<h1>O Curso<\/h1><p><strong>Turno:<\/strong>\u00a0Noturno<\/p><p><strong>Dura\u00e7\u00e3o:<\/strong> 5 anos<\/p><p><strong><a href=\"https:\/\/urisaoluiz.com.br\/site\/wp-content\/uploads\/2021\/02\/PPC-Direito.pdf\">Projeto Pedag\u00f3gico do Curso 2021<\/a><\/strong><\/p><p><strong><a href=\"https:\/\/urisaoluiz.com.br\/site\/wp-content\/uploads\/2021\/02\/ManualAcadmico-Direito2021.pdf\">Curr\u00edculo Acad\u00eamico 2021<\/a><\/strong><\/p><p><a href=\"https:\/\/urisaoluiz.com.br\/site\/wp-content\/uploads\/2026\/03\/Projeto-Pedagogico-do-Curso-2025.pdf\"><strong>Projeto Pedag\u00f3gico do Curso 2025<\/strong><\/a><\/p><p><strong><a href=\"https:\/\/urisaoluiz.com.br\/site\/wp-content\/uploads\/2026\/03\/Curriculo-Academico-2025.pdf\">Curr\u00edculo Acad\u00eamico 2025<\/a><\/strong><\/p><h1>Coordena\u00e7\u00e3o<\/h1><p>Cristiane Menna Barreto Azambuja | Mestra |\u00a0<a href=\"http:\/\/urisaoluiz.com.br\/site\/direito\/curriculo-cristiane\" target=\"_blank\" rel=\"noopener noreferrer\">Curr\u00edculo<\/a><\/p><h1>Corpo Docente<\/h1><p>Afonso Stangherlin | Doutor | <a href=\"http:\/\/urisaoluiz.com.br\/site\/direito\/curriculo-afonso\" target=\"_blank\" rel=\"noopener noreferrer\">Curr\u00edculo<\/a><br>Alana Ta\u00edse Castro Sartori | Mestra |\u00a0 <a href=\"http:\/\/lattes.cnpq.br\/3072936815192617\">Curr\u00edculo<\/a><br>Cristiane Menna Barreto Azambuja | Mestra | <a href=\"http:\/\/urisaoluiz.com.br\/site\/direito\/curriculo-cristiane\" target=\"_blank\" rel=\"noopener noreferrer\">Curr\u00edculo<\/a><br>Guilherme Modesti Donin | Especialista | <a href=\"http:\/\/lattes.cnpq.br\/7996353985288084\" target=\"_blank\" rel=\"noopener\">Curr\u00edculo<\/a><br>Jaime Roberto Amaral dos Santos | Mestre | <a href=\"http:\/\/lattes.cnpq.br\/3335768214789992\">Curr\u00edculo<\/a><br>Luane Flores Chuquel | Mestra | <a href=\"http:\/\/lattes.cnpq.br\/4333072141844563\">Curr\u00edculo<\/a>\u00a0<br>Luciano de Almeida Lima | Doutor | <a href=\"http:\/\/urisaoluiz.com.br\/site\/direito\/curriculo-luciano\" target=\"_blank\" rel=\"noopener noreferrer\">Curr\u00edculo<\/a><br>Luiz Alberto Brasil Sim\u00f5es Pires Filho | Mestre | <a href=\"http:\/\/lattes.cnpq.br\/5988380883090713\">Curr\u00edculo<\/a><br>Miriane Maria Willers | Mestra | <a href=\"http:\/\/lattes.cnpq.br\/8345170045611625\" target=\"_blank\" rel=\"noopener noreferrer\" data-saferedirecturl=\"https:\/\/www.google.com\/url?q=http:\/\/lattes.cnpq.br\/8345170045611625&source=gmail&ust=1566335894441000&usg=AFQjCNFSDMmCjrL6MmzKBfMlszqhjz-zfA\">Curr\u00edculo<\/a><br>Ricardo Ferreira Bernardo | Especialista | <a href=\"http:\/\/lattes.cnpq.br\/0617586664030446\" target=\"_blank\" rel=\"noopener\">Curr\u00edculo<\/a><br>Rodrigo Miguel de Souza | Mestre | <a href=\"http:\/\/urisaoluiz.com.br\/site\/direito\/curriculo-rodrigo\">Curr\u00edculo<\/a><\/p><h1>Regulamento e Normas<\/h1><p><a href=\"https:\/\/urisaoluiz.com.br\/site\/wp-content\/uploads\/2025\/02\/Regulamento-das-Atividades-Complementares-Matriz-2021.pdf\"><strong>Regulamento das Atividades Complementares - Matriz 2021<\/strong><\/a><\/p><p><strong><a href=\"https:\/\/urisaoluiz.com.br\/site\/wp-content\/uploads\/2025\/02\/Regulamento-das-Praticas-Juridicas-Matriz-2021.pdf\">Regulamento das Pr\u00e1ticas Jur\u00eddicas - Matriz 2021<\/a><\/strong><\/p><p><strong><a href=\"https:\/\/urisaoluiz.com.br\/site\/wp-content\/uploads\/2025\/02\/Regulamento-do-Trabalho-de-Curso-\u2013-TC-Matriz-2021.pdf\">Regulamento do Trabalho de Curso \u2013 TC - Matriz 2021<\/a><\/strong><\/p><h1>Semana Acad\u00eamica<\/h1><p><strong><a href=\"http:\/\/urisaoluiz.com.br\/site\/anais-direito\/\">Acesse AQUI<\/a><\/strong><\/p><h1>Podcast<\/h1><p><a href=\"http:\/\/soundcloud.com\/erga-omnes-direito\"><strong>Acesse aqui<\/strong><\/a><\/p><h1>Investimento<\/h1><p>Valor do Cr\u00e9dito: R$ 605,90<\/p>\t\t<\/div>\r\n\r\n\t\t\n\t\t\t\t<\/div><!-- .dslc-module -->\n\t\t<\/div><\/div><\/div><\/div><input type=\"hidden\" id=\"dslca-post-data-thumb\" value=\"https:\/\/urisaoluiz.com.br\/site\/wp-content\/uploads\/2019\/05\/ImagemPadrao.png\" \/>","protected":false},"excerpt":{"rendered":"<p>Direito Conhe\u00e7a o nosso CursoEm S\u00e3o Luiz Gonzaga, o Curso de Direito est\u00e1 em funcionamento desde o segundo semestre de 2015, raz\u00e3o pela qual a sua atua\u00e7\u00e3o j\u00e1 \u00e9 percebida na comunidade, seja por conta de semin\u00e1rios integrados, palestras e outras atividades voltadas \u00e0 sociedade, seja em decorr\u00eancia dos est\u00e1gios realizados em diferentes segmentos atinentes [&hellip;]<\/p>\n","protected":false},"author":1,"featured_media":12959,"parent":51,"menu_order":0,"comment_status":"closed","ping_status":"closed","template":"","meta":{"footnotes":""},"class_list":["post-192","page","type-page","status-publish","has-post-thumbnail","hentry"],"_links":{"self":[{"href":"https:\/\/urisaoluiz.com.br\/site\/wp-json\/wp\/v2\/pages\/192","targetHints":{"allow":["GET"]}}],"collection":[{"href":"https:\/\/urisaoluiz.com.br\/site\/wp-json\/wp\/v2\/pages"}],"about":[{"href":"https:\/\/urisaoluiz.com.br\/site\/wp-json\/wp\/v2\/types\/page"}],"author":[{"embeddable":true,"href":"https:\/\/urisaoluiz.com.br\/site\/wp-json\/wp\/v2\/users\/1"}],"replies":[{"embeddable":true,"href":"https:\/\/urisaoluiz.com.br\/site\/wp-json\/wp\/v2\/comments?post=192"}],"version-history":[{"count":61,"href":"https:\/\/urisaoluiz.com.br\/site\/wp-json\/wp\/v2\/pages\/192\/revisions"}],"predecessor-version":[{"id":23158,"href":"https:\/\/urisaoluiz.com.br\/site\/wp-json\/wp\/v2\/pages\/192\/revisions\/23158"}],"up":[{"embeddable":true,"href":"https:\/\/urisaoluiz.com.br\/site\/wp-json\/wp\/v2\/pages\/51"}],"wp:featuredmedia":[{"embeddable":true,"href":"https:\/\/urisaoluiz.com.br\/site\/wp-json\/wp\/v2\/media\/12959"}],"wp:attachment":[{"href":"https:\/\/urisaoluiz.com.br\/site\/wp-json\/wp\/v2\/media?parent=192"}],"curies":[{"name":"wp","href":"https:\/\/api.w.org\/{rel}","templated":true}]}}

<div id="dslc-main">
		<div  class="dslc-modules-section  dslc-init-parallax " style="padding-bottom:150px;padding-top:150px;background-color:#156892;background-image:url();background-position:center center;background-attachment:parallax;background-size:cover;border-color:#ec268f;border-top-style: hidden; border-right-style: hidden; border-bottom-style: hidden; border-left-style: hidden; " data-section-id="49f5891ac5b">
				<div class="dslc-bg-video dslc-force-show"><div class="dslc-bg-video-overlay" style="background-color:#156892; opacity:0.7; "></div></div>
				
				<div class="dslc-modules-section-wrapper dslc-clearfix"><div class="dslc-modules-area dslc-col dslc-12-col dslc-last-col dslc-valign- " data-size="12" data-valign="">
		<div id="dslc-module-7953b5b85a7" class="dslc-module-front dslc-module-DSLC_Image dslc-in-viewport-check dslc-in-viewport-anim-none  dslc-col dslc-12-col dslc-last-col  dslc-module-handle-like-regular " data-module-id="7953b5b85a7" data-module="DSLC_Image" data-dslc-module-size="12" data-dslc-anim="none" data-dslc-anim-delay="" data-dslc-anim-duration="650"  data-dslc-anim-easing="ease" data-dslc-preset="none" >

			
			
				<div class="dslc-image-container">
		<div class="dslc-image">

			
				
									<img src="https://urisaoluiz.com.br/site/wp-content/uploads/2025/02/direito2025-654x500.jpg" alt="" title="direito2025" srcset="https://urisaoluiz.com.br/site/wp-content/uploads/2025/02/direito2025.jpg 525w, https://urisaoluiz.com.br/site/wp-content/uploads/2025/02/direito2025-300x229.jpg 300w" sizes="(max-width: 525px) 100vw, 525px" />
				
									</div><!-- .dslc-image -->
		</div>
		
				</div><!-- .dslc-module -->
		
		<div id="dslc-module-4c15a0872d9" class="dslc-module-front dslc-module-DSLC_TP_Title dslc-in-viewport-check dslc-in-viewport-anim-none  dslc-col dslc-12-col dslc-last-col  dslc-module-handle-like-regular " data-module-id="4c15a0872d9" data-module="DSLC_TP_Title" data-dslc-module-size="12" data-dslc-anim="none" data-dslc-anim-delay="0" data-dslc-anim-duration="650"  data-dslc-anim-easing="ease" data-dslc-preset="none" >

			
			
		
				<div class="dslc-tp-title"><h1>Direito</h1></div>

			
				</div><!-- .dslc-module -->
		</div></div></div>
		<div  class="dslc-modules-section " style="padding-bottom:40px;padding-top:40px;padding-left:3%;padding-right:3%;background-repeat:no-repeat;background-position:center top;" data-section-id="d9387972839">
				
				
				<div class="dslc-modules-section-wrapper dslc-clearfix"><div class="dslc-modules-area dslc-col dslc-7-col dslc-first-col dslc-valign- " data-size="7" data-valign="">
		<div id="dslc-module-06e8a04e93e" class="dslc-module-front dslc-module-DSLC_Text_Simple dslc-in-viewport-check dslc-in-viewport-anim-none  dslc-col dslc-12-col dslc-last-col  dslc-module-handle-like-regular " data-module-id="06e8a04e93e" data-module="DSLC_Text_Simple" data-dslc-module-size="12" data-dslc-anim="none" data-dslc-anim-delay="0" data-dslc-anim-duration="650"  data-dslc-anim-easing="ease" data-dslc-preset="none" >

			
			
		
		<div class="dslc-text-module-content">
			<h1>Conheça o nosso Curso</h1><p>Em São Luiz Gonzaga, o Curso de Direito está em funcionamento desde o segundo semestre de 2015, razão pela qual a sua atuação já é percebida na comunidade, seja por conta de seminários integrados, palestras e outras atividades voltadas à sociedade, seja em decorrência dos estágios realizados em diferentes segmentos atinentes à área jurídica, seja em razão da qualificação dos docentes e da infraestrutura.</p><p>O Curso de Direito da URI – São Luiz Gonzaga atende a uma população estimada de 150 mil habitantes, distribuída em municípios da região noroeste do Estado, tendo São Luiz Gonzaga como cidade polo, com comarca de entrância intermediária, que possui Justiça Estadual, Ministério Público, Defensoria Pública, Subseção da OAB/RS e Unidade Avançada da Justiça Federal.</p><h1>Objetivos</h1><p> O objetivo do curso de Direito da URI é formar bacharéis com domínio de conhecimento geral, humanístico e jurídico, detentores de competências e habilidades capazes de dominar conceitos e terminologias jurídicos com adequada capacidade de interpretação e argumentação e capaz de valorizar os fenômenos jurídicos e sociais, detentor de uma visão crítica e reflexiva no exercício profissional, com vistas à prestação da justiça e fomento da cidadania.</p><h1>Perfil do Profissional</h1><p> O curso de direito tem como perfil projetado para o egresso uma formação geral e humanística com capacidade de atuação em equipe, nas carreiras privadas e públicas condizentes com a qualidade do ensino jurídico, de análise e articulação de conceitos, argumentação e interpretação dos fenômenos jurídicos e sociais além do domínio das formas consensuais de composição de conflitos, aliado a uma postura reflexiva e de visão crítica que fomente a capacidade e a aptidão para a aprendizagem, autônoma e dinâmica, indispensável ao exercício do Direito, à prestação da justiça e ao desenvolvimento da cidadania. Esse perfil projetado objetiva atender as necessidades profissionais que possam dar conta das transformações das sociedades global, regional e local.</p><h1>Campo de Atuação Profissional</h1><p>O bacharel em Direito possui um vasto campo de atuação profissional, podendo exercer suas atividades, observadas as exigências legais, nas seguintes funções: Advocacia privada, Advocacia pública – Procuradoria da União, dos Estados e dos Municípios -, Assessorias jurídicas, Defensoria Pública, Docência, Magistratura, Ministério Público, entre outras.</p><p> </p>		</div>

		
				</div><!-- .dslc-module -->
		</div><div class="dslc-modules-area dslc-col dslc-5-col dslc-last-col dslc-valign- " data-size="5" data-valign="">
		<div id="dslc-module-o687ek33t8" class="dslc-module-front dslc-module-DSLC_Text_Simple dslc-in-viewport-check dslc-in-viewport-anim-none  dslc-col dslc-12-col dslc-last-col  dslc-module-handle-like-regular " data-module-id="o687ek33t8" data-module="DSLC_Text_Simple" data-dslc-module-size="12" data-dslc-anim="none" data-dslc-anim-delay="0" data-dslc-anim-duration="650"  data-dslc-anim-easing="ease" data-dslc-preset="none" >

			
			
		
		<div class="dslc-text-module-content">
			<h1>O Curso</h1><p><strong>Turno:</strong> Noturno</p><p><strong>Duração:</strong> 5 anos</p><p><strong><a href="https://urisaoluiz.com.br/site/wp-content/uploads/2021/02/PPC-Direito.pdf">Projeto Pedagógico do Curso 2021</a></strong></p><p><strong><a href="https://urisaoluiz.com.br/site/wp-content/uploads/2021/02/ManualAcadmico-Direito2021.pdf">Currículo Acadêmico 2021</a></strong></p><p><a href="https://urisaoluiz.com.br/site/wp-content/uploads/2026/03/Projeto-Pedagogico-do-Curso-2025.pdf"><strong>Projeto Pedagógico do Curso 2025</strong></a></p><p><strong><a href="https://urisaoluiz.com.br/site/wp-content/uploads/2026/03/Curriculo-Academico-2025.pdf">Currículo Acadêmico 2025</a></strong></p><h1>Coordenação</h1><p>Cristiane Menna Barreto Azambuja | Mestra | <a href="http://urisaoluiz.com.br/site/direito/curriculo-cristiane" target="_blank" rel="noopener noreferrer">Currículo</a></p><h1>Corpo Docente</h1><p>Afonso Stangherlin | Doutor | <a href="http://urisaoluiz.com.br/site/direito/curriculo-afonso" target="_blank" rel="noopener noreferrer">Currículo</a><br>Alana Taíse Castro Sartori | Mestra |  <a href="http://lattes.cnpq.br/3072936815192617">Currículo</a><br>Cristiane Menna Barreto Azambuja | Mestra | <a href="http://urisaoluiz.com.br/site/direito/curriculo-cristiane" target="_blank" rel="noopener noreferrer">Currículo</a><br>Guilherme Modesti Donin | Especialista | <a href="http://lattes.cnpq.br/7996353985288084" target="_blank" rel="noopener">Currículo</a><br>Jaime Roberto Amaral dos Santos | Mestre | <a href="http://lattes.cnpq.br/3335768214789992">Currículo</a><br>Luane Flores Chuquel | Mestra | <a href="http://lattes.cnpq.br/4333072141844563">Currículo</a> <br>Luciano de Almeida Lima | Doutor | <a href="http://urisaoluiz.com.br/site/direito/curriculo-luciano" target="_blank" rel="noopener noreferrer">Currículo</a><br>Luiz Alberto Brasil Simões Pires Filho | Mestre | <a href="http://lattes.cnpq.br/5988380883090713">Currículo</a><br>Miriane Maria Willers | Mestra | <a href="http://lattes.cnpq.br/8345170045611625" target="_blank" rel="noopener noreferrer" data-saferedirecturl="https://www.google.com/url?q=http://lattes.cnpq.br/8345170045611625&source=gmail&ust=1566335894441000&usg=AFQjCNFSDMmCjrL6MmzKBfMlszqhjz-zfA">Currículo</a><br>Ricardo Ferreira Bernardo | Especialista | <a href="http://lattes.cnpq.br/0617586664030446" target="_blank" rel="noopener">Currículo</a><br>Rodrigo Miguel de Souza | Mestre | <a href="http://urisaoluiz.com.br/site/direito/curriculo-rodrigo">Currículo</a></p><h1>Regulamento e Normas</h1><p><a href="https://urisaoluiz.com.br/site/wp-content/uploads/2025/02/Regulamento-das-Atividades-Complementares-Matriz-2021.pdf"><strong>Regulamento das Atividades Complementares - Matriz 2021</strong></a></p><p><strong><a href="https://urisaoluiz.com.br/site/wp-content/uploads/2025/02/Regulamento-das-Praticas-Juridicas-Matriz-2021.pdf">Regulamento das Práticas Jurídicas - Matriz 2021</a></strong></p><p><strong><a href="https://urisaoluiz.com.br/site/wp-content/uploads/2025/02/Regulamento-do-Trabalho-de-Curso-–-TC-Matriz-2021.pdf">Regulamento do Trabalho de Curso – TC - Matriz 2021</a></strong></p><h1>Semana Acadêmica</h1><p><strong><a href="http://urisaoluiz.com.br/site/anais-direito/">Acesse AQUI</a></strong></p><h1>Podcast</h1><p><a href="http://soundcloud.com/erga-omnes-direito"><strong>Acesse aqui</strong></a></p><h1>Investimento</h1><p>Valor do Crédito: R$ 605,90</p>		</div>

		
				</div><!-- .dslc-module -->
		</div></div></div></div><input type="hidden" id="dslca-post-data-thumb" value="https://urisaoluiz.com.br/site/wp-content/uploads/2019/05/ImagemPadrao.png" />

<p>Direito Conheça o nosso CursoEm São Luiz Gonzaga, o Curso de Direito está em funcionamento desde o segundo semestre de 2015, razão pela qual a sua atuação já é percebida na comunidade, seja por conta de seminários integrados, palestras e outras atividades voltadas à sociedade, seja em decorrência dos estágios realizados em diferentes segmentos atinentes [&hellip;]</p>
