{"id":8967,"date":"2018-03-27T12:03:10","date_gmt":"2018-03-27T15:03:10","guid":{"rendered":"http:\/\/urisaoluiz.com.br\/site\/?page_id=8967"},"modified":"2025-08-29T20:42:40","modified_gmt":"2025-08-29T23:42:40","slug":"direitos-transformacao-social-e-universo-plural-da-cidadania","status":"publish","type":"page","link":"https:\/\/urisaoluiz.com.br\/site\/direitos-transformacao-social-e-universo-plural-da-cidadania\/","title":{"rendered":"Direitos, transforma\u00e7\u00e3o social e universo plural da cidadania"},"content":{"rendered":"<div id=\"dslc-main\">\n\t\t<div  class=\"dslc-modules-section  dslc-init-parallax \" style=\"padding-bottom:40px;padding-top:40px;background-color:#156892;background-image:url();background-position:center center;background-attachment:parallax;background-size:cover;border-color:#ec268f;border-top-style: hidden; border-right-style: hidden; border-bottom-style: hidden; border-left-style: hidden; \" data-section-id=\"ba161990604\">\n\t\t\t\t<div class=\"dslc-bg-video dslc-force-show\"><div class=\"dslc-bg-video-overlay\" style=\"background-color:#156892; opacity:0.7; \"><\/div><\/div>\n\t\t\t\t\n\t\t\t\t<div class=\"dslc-modules-section-wrapper dslc-clearfix\"><div class=\"dslc-modules-area dslc-col dslc-12-col dslc-last-col dslc-valign- \" data-size=\"12\" data-valign=\"\">\n\t\t<div id=\"dslc-module-68093fbec65\" class=\"dslc-module-front dslc-module-DSLC_TP_Title dslc-in-viewport-check dslc-in-viewport-anim-none  dslc-col dslc-12-col dslc-last-col  dslc-module-handle-like-regular \" data-module-id=\"68093fbec65\" data-module=\"DSLC_TP_Title\" data-dslc-module-size=\"12\" data-dslc-anim=\"none\" data-dslc-anim-delay=\"0\" data-dslc-anim-duration=\"650\"  data-dslc-anim-easing=\"ease\" data-dslc-preset=\"none\" >\n\n\t\t\t\n\t\t\t\n\t\t\r\n\t\t\t\t<div class=\"dslc-tp-title\"><h1>Direitos, transforma\u00e7\u00e3o social e universo plural da cidadania<\/h1><\/div>\r\n\r\n\t\t\t\n\t\t\t\t<\/div><!-- .dslc-module -->\n\t\t<\/div><\/div><\/div>\n\t\t<div  class=\"dslc-modules-section \" style=\"padding-bottom:40px;padding-top:40px;padding-left:3%;padding-right:3%;background-repeat:no-repeat;background-position:center top;\" data-section-id=\"eeba44f9ff7\">\n\t\t\t\t\n\t\t\t\t\n\t\t\t\t<div class=\"dslc-modules-section-wrapper dslc-clearfix\"><div class=\"dslc-modules-area dslc-col dslc-12-col dslc-last-col dslc-valign- \" data-size=\"12\" data-valign=\"\">\n\t\t<div id=\"dslc-module-381e4312af4\" class=\"dslc-module-front dslc-module-DSLC_Text_Simple dslc-in-viewport-check dslc-in-viewport-anim-none  dslc-col dslc-12-col dslc-last-col  dslc-module-handle-like-regular \" data-module-id=\"381e4312af4\" data-module=\"DSLC_Text_Simple\" data-dslc-module-size=\"12\" data-dslc-anim=\"none\" data-dslc-anim-delay=\"0\" data-dslc-anim-duration=\"650\"  data-dslc-anim-easing=\"ease\" data-dslc-preset=\"none\" >\n\n\t\t\t\n\t\t\t\n\t\t\r\n\t\t<div class=\"dslc-text-module-content\">\r\n\t\t\t<div><p><b>Nome do grupo<\/b>: \u00a0Direitos, transforma\u00e7\u00e3o social e universo plural da cidadania.<\/p><\/div><div><b>Objeto do grupo<\/b>: O grupo de pesquisa pretende estudar autores cl\u00e1ssicos e pensar os novos caminhos dos direitos, visando observar e entender em que medida os direitos podem ser condicionantes para uma transforma\u00e7\u00e3o social e para um universo plural da cidadania.<\/div><div>\u00a0<\/div><div><b>Linhas de pesquisa<\/b>:<\/div><div>\u00a0<\/div><div>1) O papel dos direitos humanos enquanto instrumento de transforma\u00e7\u00e3o social.<\/div><div>\u00a0<\/div><div><b>Objetivo da linha:<\/b>\u00a0\u00a0Investigar como os direitos humanos podem ser efetivos e, a partir disso, serem \u00a0forma de transforma\u00e7\u00e3o da realidade social.<\/div><div>\u00a0<\/div><div>2) \u00a0A literatura e o cinema como reflex\u00e3o ao ensino jur\u00eddico.<\/div><div>\u00a0<\/div><div><b>Objetivos da linha<\/b>: Estudar, por meio de obras liter\u00e1rias, quest\u00f5es que apresentem rela\u00e7\u00e3o com o direito nas suas v\u00e1rias interfaces; Identificar as diversas possibilidades que o texto liter\u00e1rio utiliza para ler a realidade cotidiana, estabelecendo poss\u00edveis conex\u00f5es. Ainda, debater obras cinematogr\u00e1ficas que envolvam tem\u00e1ticas jur\u00eddicas e sociais; Buscar compreender como os assuntos da \u00e1rea de atua\u00e7\u00e3o do direito s\u00e3o explicitados pelo cinema e, a partir disto, refletir sobre sua repercuss\u00e3o na sociedade.<\/div><div>\u00a0<\/div><div>3) \u00a0G\u00eanero, diversidades e cidadania.<\/div><div>\u00a0<\/div><div><b>Objetivo da linha:<\/b> Abordar os estudos de g\u00eanero, as altera\u00e7\u00f5es e as mudan\u00e7as nas rela\u00e7\u00f5es de g\u00eanero entre o p\u00fablico e o privado, em articula\u00e7\u00e3o com outras categorias de an\u00e1lise como viol\u00eancia, sexualidades, poder, alteridades, crimes e legisla\u00e7\u00e3o, observadas as perspectivas inter\/transdisciplinares, dentro e fora da academia e envolvendo, ainda, abordagens feministas, movimentos sociais, pol\u00edticas p\u00fablicas, entre outros.<\/div><div>\u00a0<\/div><div>4) Constitucionalismo e direitos fundamentais nas rela\u00e7\u00f5es privadas.<\/div><div>\u00a0<\/div><div><b>Objetivo da linha<\/b>: Pesquisar os efeitos do constitucionalismo p\u00f3s-guerra no ordenamento jur\u00eddico brasileiro, n\u00e3o somente no que se refere ao Direito P\u00fablico, mas tamb\u00e9m na esfera das rela\u00e7\u00f5es entre particulares. A influ\u00eancia dos Direitos Humanos na normativa p\u00e1tria tamb\u00e9m encontra espa\u00e7o dentro desta concep\u00e7\u00e3o, bem como a posi\u00e7\u00e3o de destaque e o conte\u00fado albergado pelo princ\u00edpio da dignidade da pessoa humana e a sua consequente humaniza\u00e7\u00e3o do direito privado.<\/div><p>\u00a0<\/p>\t\t<\/div>\r\n\r\n\t\t\n\t\t\t\t<\/div><!-- .dslc-module -->\n\t\t<\/div><\/div><\/div><\/div><input type=\"hidden\" id=\"dslca-post-data-thumb\" value=\"https:\/\/urisaoluiz.com.br\/site\/wp-content\/uploads\/2019\/05\/ImagemPadrao.png\" \/>","protected":false},"excerpt":{"rendered":"<p>Direitos, transforma\u00e7\u00e3o social e universo plural da cidadania Nome do grupo: \u00a0Direitos, transforma\u00e7\u00e3o social e universo plural da cidadania.Objeto do grupo: O grupo de pesquisa pretende estudar autores cl\u00e1ssicos e pensar os novos caminhos dos direitos, visando observar e entender em que medida os direitos podem ser condicionantes para uma transforma\u00e7\u00e3o social e para um [&hellip;]<\/p>\n","protected":false},"author":1,"featured_media":12959,"parent":0,"menu_order":0,"comment_status":"closed","ping_status":"closed","template":"","meta":{"footnotes":""},"class_list":["post-8967","page","type-page","status-publish","has-post-thumbnail","hentry"],"_links":{"self":[{"href":"https:\/\/urisaoluiz.com.br\/site\/wp-json\/wp\/v2\/pages\/8967","targetHints":{"allow":["GET"]}}],"collection":[{"href":"https:\/\/urisaoluiz.com.br\/site\/wp-json\/wp\/v2\/pages"}],"about":[{"href":"https:\/\/urisaoluiz.com.br\/site\/wp-json\/wp\/v2\/types\/page"}],"author":[{"embeddable":true,"href":"https:\/\/urisaoluiz.com.br\/site\/wp-json\/wp\/v2\/users\/1"}],"replies":[{"embeddable":true,"href":"https:\/\/urisaoluiz.com.br\/site\/wp-json\/wp\/v2\/comments?post=8967"}],"version-history":[{"count":11,"href":"https:\/\/urisaoluiz.com.br\/site\/wp-json\/wp\/v2\/pages\/8967\/revisions"}],"predecessor-version":[{"id":22912,"href":"https:\/\/urisaoluiz.com.br\/site\/wp-json\/wp\/v2\/pages\/8967\/revisions\/22912"}],"wp:featuredmedia":[{"embeddable":true,"href":"https:\/\/urisaoluiz.com.br\/site\/wp-json\/wp\/v2\/media\/12959"}],"wp:attachment":[{"href":"https:\/\/urisaoluiz.com.br\/site\/wp-json\/wp\/v2\/media?parent=8967"}],"curies":[{"name":"wp","href":"https:\/\/api.w.org\/{rel}","templated":true}]}}

Direitos, transformação social e universo plural da cidadania

<div id="dslc-main">
		<div  class="dslc-modules-section  dslc-init-parallax " style="padding-bottom:40px;padding-top:40px;background-color:#156892;background-image:url();background-position:center center;background-attachment:parallax;background-size:cover;border-color:#ec268f;border-top-style: hidden; border-right-style: hidden; border-bottom-style: hidden; border-left-style: hidden; " data-section-id="ba161990604">
				<div class="dslc-bg-video dslc-force-show"><div class="dslc-bg-video-overlay" style="background-color:#156892; opacity:0.7; "></div></div>
				
				<div class="dslc-modules-section-wrapper dslc-clearfix"><div class="dslc-modules-area dslc-col dslc-12-col dslc-last-col dslc-valign- " data-size="12" data-valign="">
		<div id="dslc-module-68093fbec65" class="dslc-module-front dslc-module-DSLC_TP_Title dslc-in-viewport-check dslc-in-viewport-anim-none  dslc-col dslc-12-col dslc-last-col  dslc-module-handle-like-regular " data-module-id="68093fbec65" data-module="DSLC_TP_Title" data-dslc-module-size="12" data-dslc-anim="none" data-dslc-anim-delay="0" data-dslc-anim-duration="650"  data-dslc-anim-easing="ease" data-dslc-preset="none" >

			
			
		
				<div class="dslc-tp-title"><h1>Direitos, transformação social e universo plural da cidadania</h1></div>

			
				</div><!-- .dslc-module -->
		</div></div></div>
		<div  class="dslc-modules-section " style="padding-bottom:40px;padding-top:40px;padding-left:3%;padding-right:3%;background-repeat:no-repeat;background-position:center top;" data-section-id="eeba44f9ff7">
				
				
				<div class="dslc-modules-section-wrapper dslc-clearfix"><div class="dslc-modules-area dslc-col dslc-12-col dslc-last-col dslc-valign- " data-size="12" data-valign="">
		<div id="dslc-module-381e4312af4" class="dslc-module-front dslc-module-DSLC_Text_Simple dslc-in-viewport-check dslc-in-viewport-anim-none  dslc-col dslc-12-col dslc-last-col  dslc-module-handle-like-regular " data-module-id="381e4312af4" data-module="DSLC_Text_Simple" data-dslc-module-size="12" data-dslc-anim="none" data-dslc-anim-delay="0" data-dslc-anim-duration="650"  data-dslc-anim-easing="ease" data-dslc-preset="none" >

			
			
		
		<div class="dslc-text-module-content">
			<div><p><b>Nome do grupo</b>:  Direitos, transformação social e universo plural da cidadania.</p></div><div><b>Objeto do grupo</b>: O grupo de pesquisa pretende estudar autores clássicos e pensar os novos caminhos dos direitos, visando observar e entender em que medida os direitos podem ser condicionantes para uma transformação social e para um universo plural da cidadania.</div><div> </div><div><b>Linhas de pesquisa</b>:</div><div> </div><div>1) O papel dos direitos humanos enquanto instrumento de transformação social.</div><div> </div><div><b>Objetivo da linha:</b>  Investigar como os direitos humanos podem ser efetivos e, a partir disso, serem  forma de transformação da realidade social.</div><div> </div><div>2)  A literatura e o cinema como reflexão ao ensino jurídico.</div><div> </div><div><b>Objetivos da linha</b>: Estudar, por meio de obras literárias, questões que apresentem relação com o direito nas suas várias interfaces; Identificar as diversas possibilidades que o texto literário utiliza para ler a realidade cotidiana, estabelecendo possíveis conexões. Ainda, debater obras cinematográficas que envolvam temáticas jurídicas e sociais; Buscar compreender como os assuntos da área de atuação do direito são explicitados pelo cinema e, a partir disto, refletir sobre sua repercussão na sociedade.</div><div> </div><div>3)  Gênero, diversidades e cidadania.</div><div> </div><div><b>Objetivo da linha:</b> Abordar os estudos de gênero, as alterações e as mudanças nas relações de gênero entre o público e o privado, em articulação com outras categorias de análise como violência, sexualidades, poder, alteridades, crimes e legislação, observadas as perspectivas inter/transdisciplinares, dentro e fora da academia e envolvendo, ainda, abordagens feministas, movimentos sociais, políticas públicas, entre outros.</div><div> </div><div>4) Constitucionalismo e direitos fundamentais nas relações privadas.</div><div> </div><div><b>Objetivo da linha</b>: Pesquisar os efeitos do constitucionalismo pós-guerra no ordenamento jurídico brasileiro, não somente no que se refere ao Direito Público, mas também na esfera das relações entre particulares. A influência dos Direitos Humanos na normativa pátria também encontra espaço dentro desta concepção, bem como a posição de destaque e o conteúdo albergado pelo princípio da dignidade da pessoa humana e a sua consequente humanização do direito privado.</div><p> </p>		</div>

		
				</div><!-- .dslc-module -->
		</div></div></div></div><input type="hidden" id="dslca-post-data-thumb" value="https://urisaoluiz.com.br/site/wp-content/uploads/2019/05/ImagemPadrao.png" />

<p>Direitos, transformação social e universo plural da cidadania Nome do grupo:  Direitos, transformação social e universo plural da cidadania.Objeto do grupo: O grupo de pesquisa pretende estudar autores clássicos e pensar os novos caminhos dos direitos, visando observar e entender em que medida os direitos podem ser condicionantes para uma transformação social e para um [&hellip;]</p>
