{"id":9384,"date":"2018-05-19T18:21:32","date_gmt":"2018-05-19T21:21:32","guid":{"rendered":"http:\/\/urisaoluiz.com.br\/site\/?page_id=9384"},"modified":"2020-01-02T12:11:30","modified_gmt":"2020-01-02T15:11:30","slug":"pos-graduacao-em-terapias-manuais-e-reeducacao-postural","status":"publish","type":"page","link":"https:\/\/urisaoluiz.com.br\/site\/pos-graduacao\/lato-sensu\/pos-graduacao-em-terapias-manuais-e-reeducacao-postural\/","title":{"rendered":"P\u00f3s-Gradua\u00e7\u00e3o em Gest\u00e3o do Agroneg\u00f3cio"},"content":{"rendered":"<div id=\"dslc-main\">\n\t\t<div  class=\"dslc-modules-section \" style=\"padding-left:3%;padding-right:3%;background-image:url(https:\/\/urisaoluiz.com.br\/site\/wp-content\/uploads\/2020\/01\/POS-11.png);background-repeat:no-repeat;background-position:center top;\" data-section-id=\"32d0f6c2c84\">\n\t\t\t\t\n\t\t\t\t\n\t\t\t\t<div class=\"dslc-modules-section-wrapper dslc-clearfix\"><div class=\"dslc-modules-area dslc-col dslc-12-col dslc-last-col\" data-size=\"12\" data-valign=\"\">\n\t\t<div id=\"dslc-module-8c241ca6b1d\" class=\"dslc-module-front dslc-module-DSLC_Text_Simple dslc-in-viewport-check dslc-in-viewport-anim-none  dslc-col dslc-12-col dslc-last-col  dslc-module-handle-like-regular \" data-module-id=\"8c241ca6b1d\" data-module=\"DSLC_Text_Simple\" data-dslc-module-size=\"12\" data-dslc-anim=\"none\" data-dslc-anim-delay=\"0\" data-dslc-anim-duration=\"650\"  data-dslc-anim-easing=\"ease\" data-dslc-preset=\"none\" >\n\n\t\t\t\n\t\t\t\n\t\t\r\n\t\t<div class=\"dslc-text-module-content\">\r\n\t\t\t<p>\u00a0<\/p><p>\u00a0<\/p><p>\u00a0<\/p>\t\t<\/div>\r\n\r\n\t\t\n\t\t\t\t<\/div><!-- .dslc-module -->\n\t\t<\/div><div class=\"dslc-modules-area dslc-col dslc-7-col dslc-first-col\" data-size=\"7\" data-valign=\"\">\n\t\t<div id=\"dslc-module-3346cc40172\" class=\"dslc-module-front dslc-module-DSLC_Text_Simple dslc-in-viewport-check dslc-in-viewport-anim-none  dslc-col dslc-12-col dslc-last-col  dslc-module-handle-like-regular \" data-module-id=\"3346cc40172\" data-module=\"DSLC_Text_Simple\" data-dslc-module-size=\"12\" data-dslc-anim=\"none\" data-dslc-anim-delay=\"0\" data-dslc-anim-duration=\"650\"  data-dslc-anim-easing=\"ease\" data-dslc-preset=\"none\" >\n\n\t\t\t\n\t\t\t\n\t\t\r\n\t\t<div class=\"dslc-text-module-content\">\r\n\t\t\t<h1 style=\"text-align: center;\">\u00a0<\/h1><p style=\"text-align: justify;\">\u00a0<\/p><p><strong>Objetivo Geral:<\/strong><\/p><p>Oportunizar a atualiza\u00e7\u00e3o e o aprofundamento dos conhecimentos, habilidades e t\u00e9cnicas no processo gerencial e operacional dos participantes, auxiliando na de tomada de decis\u00e3o, no desenvolvimento das capacidades acerca do comportamento empreendedor e no exerc\u00edcio de fun\u00e7\u00f5es relativas \u00e0 \u00e1rea de Gest\u00e3o do Agroneg\u00f3cio, al\u00e9m de fomentar o desenvolvimento das organiza\u00e7\u00f5es e da regi\u00e3o.<\/p><p>\u00a0<\/p><p><strong>Objetivos Espec\u00edficos:<\/strong><\/p><p>- Capacitar o aprofundamento conceitual e pr\u00e1tico acerca da Gest\u00e3o do Agroneg\u00f3cio;<\/p><p>- Promover o desenvolvimento de habilidades e t\u00e9cnicas relativas as organiza\u00e7\u00f5es agr\u00edcolas com enfoque no desenvolvimento das organiza\u00e7\u00f5es e da regi\u00e3o;<\/p><p>- Estimular o comportamento empreendedor no ambiente do Agroneg\u00f3cio;<\/p><p>- Provocar o interc\u00e2mbio de experi\u00eancias nos campos do ensino, da pesquisa e da extens\u00e3o agroindustrial;<\/p><p>-\u00a0 Criar um ambiente de debate sobre experi\u00eancias em torno da realidade das empresas num contexto globalizado.<\/p><p>\u00a0<\/p><p>Com o objetivo de atender as demandas locais e regionais, o curso ser\u00e1 oferecido em 4 (quatro) m\u00f3dulos, certificando os alunos em conformidade com a Resolu\u00e7\u00f5es N\u00b0 2607\/CUN\/2019.<\/p><p><strong>M\u00f3dulo I \u2013 <\/strong>Aborda o mundo e o novo modelo econ\u00f4mico, a Am\u00e9rica latina e o Brasil e a inser\u00e7\u00e3o da regi\u00e3o no atual contexto econ\u00f4mico mundial, os conceitos de administra\u00e7\u00e3o rural e suas caracter\u00edsticas, a an\u00e1lise econ\u00f4mica das propriedades rurais, os custos e gest\u00e3o da produ\u00e7\u00e3o, no\u00e7\u00f5es e conceitos de contabilidade agr\u00edcola e planejamento de empresas rurais.<\/p><p><strong>M\u00f3dulo II \u2013 <\/strong>Estuda a economia rural, o pensamento econ\u00f4mico e a agricultura, a pol\u00edtica agr\u00edcola, as liga\u00e7\u00f5es e setores chaves nas cadeias agroindustriais, os impactos intersetoriais do com\u00e9rcio nacional e internacional no Agribusiness, setor e processo de comercializa\u00e7\u00e3o, margem e markup de comercializa\u00e7\u00e3o, an\u00e1lises de pre\u00e7os agropecu\u00e1rios, estrat\u00e9gias de comercializa\u00e7\u00e3o pelo produtor rural. conceito de log\u00edstica no espa\u00e7o internacional, gest\u00e3o da distribui\u00e7\u00e3o f\u00edsica e canais de distribui\u00e7\u00e3o internacional.<\/p><p><strong>M\u00f3dulo III \u2013 <\/strong>Discute aspectos relevantes do cooperativismo visando discutir o processo administrativo e a tomada de decis\u00f5es na gest\u00e3o, modelos de gest\u00e3o cooperativa, o problema ambiental contempor\u00e2neo. Desenvolvimento econ\u00f4mico e meio ambiente, pol\u00edtica e legisla\u00e7\u00e3o ambiental, o meio ambiente e a empresa.<\/p><p><strong>M\u00f3dulo IV \u2013 <\/strong>Analisa os temas emergentes, cen\u00e1rios e tend\u00eancias em Gest\u00e3o de Pessoas, os conceitos b\u00e1sicos de marketing (mercado, troca, transa\u00e7\u00e3o, necessidade, desejos, satisfa\u00e7\u00e3o), estrat\u00e9gias do mix de marketing, as novas tend\u00eancias do marketing no agroneg\u00f3cio, tecnologias e aperfei\u00e7oamento dos modos de produ\u00e7\u00e3o e comercializa\u00e7\u00e3o no agroneg\u00f3cio, plano estrat\u00e9gico de marketing no agroneg\u00f3cio, marketing verde e responsabilidade desenvolvimentista e \u00e9tica do marketing. Aborda as tecnologias da informa\u00e7\u00e3o, as vias da gest\u00e3o inovadora em busca da competitividade, alian\u00e7as e estrat\u00e9gias.<\/p>\t\t<\/div>\r\n\r\n\t\t\n\t\t\t\t<\/div><!-- .dslc-module -->\n\t\t<\/div><div class=\"dslc-modules-area dslc-col dslc-5-col dslc-last-col\" data-size=\"5\" data-valign=\"\">\n\t\t<div id=\"dslc-module-f96e04ac300\" class=\"dslc-module-front dslc-module-DSLC_Text_Simple dslc-in-viewport-check dslc-in-viewport-anim-none  dslc-col dslc-12-col dslc-last-col  dslc-module-handle-like-regular \" data-module-id=\"f96e04ac300\" data-module=\"DSLC_Text_Simple\" data-dslc-module-size=\"12\" data-dslc-anim=\"none\" data-dslc-anim-delay=\"0\" data-dslc-anim-duration=\"650\"  data-dslc-anim-easing=\"ease\" data-dslc-preset=\"none\" >\n\n\t\t\t\n\t\t\t\n\t\t\r\n\t\t<div class=\"dslc-text-module-content\">\r\n\t\t\t<h1 style=\"text-align: center;\">\u00a0<\/h1><p>\u00a0<\/p>\t\t<\/div>\r\n\r\n\t\t\n\t\t\t\t<\/div><!-- .dslc-module -->\n\t\t\n\t\t<div id=\"dslc-module-ba137bbbbfc\" class=\"dslc-module-front dslc-module-DSLC_Text_Simple dslc-in-viewport-check dslc-in-viewport-anim-none  dslc-col dslc-12-col dslc-last-col  dslc-module-handle-like-regular \" data-module-id=\"ba137bbbbfc\" data-module=\"DSLC_Text_Simple\" data-dslc-module-size=\"12\" data-dslc-anim=\"none\" data-dslc-anim-delay=\"0\" data-dslc-anim-duration=\"650\"  data-dslc-anim-easing=\"ease\" data-dslc-preset=\"none\" >\n\n\t\t\t\n\t\t\t\n\t\t\r\n\t\t<div class=\"dslc-text-module-content\">\r\n\t\t\t<h1 style=\"font-weight: 400;\"><strong>Inscri\u00e7\u00f5es Pr\u00e9vias<\/strong><\/h1><p style=\"font-weight: 400;\">Para mais informa\u00e7\u00f5es ligue 55 3352 8150<\/p><p>\u00a0<\/p><p><p class=\"wpcf7-contact-form-not-found\"><strong>Erro:<\/strong> Formul\u00e1rio de contato n\u00e3o encontrado.<\/p><\/p>\t\t<\/div>\r\n\r\n\t\t\n\t\t\t\t<\/div><!-- .dslc-module -->\n\t\t<\/div><\/div><\/div><\/div><input type=\"hidden\" id=\"dslca-post-data-thumb\" value=\"https:\/\/urisaoluiz.com.br\/site\/wp-content\/uploads\/2019\/05\/ImagemPadrao.png\" \/>","protected":false},"excerpt":{"rendered":"<p>\u00a0\u00a0\u00a0 \u00a0\u00a0Objetivo Geral:Oportunizar a atualiza\u00e7\u00e3o e o aprofundamento dos conhecimentos, habilidades e t\u00e9cnicas no processo gerencial e operacional dos participantes, auxiliando na de tomada de decis\u00e3o, no desenvolvimento das capacidades acerca do comportamento empreendedor e no exerc\u00edcio de fun\u00e7\u00f5es relativas \u00e0 \u00e1rea de Gest\u00e3o do Agroneg\u00f3cio, al\u00e9m de fomentar o desenvolvimento das organiza\u00e7\u00f5es e da [&hellip;]<\/p>\n","protected":false},"author":1,"featured_media":12959,"parent":9046,"menu_order":0,"comment_status":"closed","ping_status":"closed","template":"","meta":{"footnotes":""},"class_list":["post-9384","page","type-page","status-publish","has-post-thumbnail","hentry"],"_links":{"self":[{"href":"https:\/\/urisaoluiz.com.br\/site\/wp-json\/wp\/v2\/pages\/9384","targetHints":{"allow":["GET"]}}],"collection":[{"href":"https:\/\/urisaoluiz.com.br\/site\/wp-json\/wp\/v2\/pages"}],"about":[{"href":"https:\/\/urisaoluiz.com.br\/site\/wp-json\/wp\/v2\/types\/page"}],"author":[{"embeddable":true,"href":"https:\/\/urisaoluiz.com.br\/site\/wp-json\/wp\/v2\/users\/1"}],"replies":[{"embeddable":true,"href":"https:\/\/urisaoluiz.com.br\/site\/wp-json\/wp\/v2\/comments?post=9384"}],"version-history":[{"count":0,"href":"https:\/\/urisaoluiz.com.br\/site\/wp-json\/wp\/v2\/pages\/9384\/revisions"}],"up":[{"embeddable":true,"href":"https:\/\/urisaoluiz.com.br\/site\/wp-json\/wp\/v2\/pages\/9046"}],"wp:featuredmedia":[{"embeddable":true,"href":"https:\/\/urisaoluiz.com.br\/site\/wp-json\/wp\/v2\/media\/12959"}],"wp:attachment":[{"href":"https:\/\/urisaoluiz.com.br\/site\/wp-json\/wp\/v2\/media?parent=9384"}],"curies":[{"name":"wp","href":"https:\/\/api.w.org\/{rel}","templated":true}]}}